).
2, 3, 5, 17
Suppose 0 = -4*r + 6 + 2. Suppose -193 = -5*o + r*q + 2*q, -2*o - 2*q = -88. What are the prime factors of o?
41
Let q(x) = -x**2 - 4*x - 2. Let j be q(-3). Let u = 32 - j. What are the prime factors of u?
31
Suppose p - 4 = 0, -4*p = -3*r + p - 11. What are the prime factors of r/((-36)/(-483)) + 2/(-8)?
2, 5
Suppose 224 - 34 = 2*j. Suppose j = 4*i - 185. List the prime factors of i.
2, 5, 7
List the prime factors of (-4)/16*-30*5004/45.
2, 3, 139
Suppose 1328 = -6*a + 4190. What are the prime factors of a?
3, 53
Suppose -g = 6*g - 6293. List the prime factors of g.
29, 31
Let c(r) = -498*r - 29. What are the prime factors of c(-9)?
61, 73
Let i be (52 - -2)*-1*1. Let y(x) = -11*x + 27. Let f be y(-6). Let a = f + i. List the prime factors of a.
3, 13
Suppose -8 + 30 = 3*q - 2*j, -2*j - 10 = 0. List the prime factors of q*((-2)/(-4))/(1/1).
2
Let h(c) = c**3 + 3*c**2 - 11*c + 2. What are the prime factors of h(7)?
5, 83
Suppose -2*k + 6 = 2*v, 0*k = v + 4*k + 3. Suppose -195 = -j - 7*l + 10*l, -v*j - l + 927 = 0. What are the prime factors of j?
2, 3, 31
Suppose 0 = 3*r - 3*z, 0*z = -3*r + 2*z + 5. What are the prime factors of (-1 - r)*(-8 + 4)?
2, 3
Let s(o) = -o**3 - 2*o**2 - 5*o - 2. Let n = 15 - 10. Let k = n - 8. List the prime factors of s(k).
2, 11
Suppose -15 = -3*v + 4*r, -4*v = -6*v - 2*r + 10. Suppose 6*d = v*d + 1. Let m(x) = 33*x - 3. List the prime factors of m(d).
2, 3, 5
Let j be (0 - -1)*15/3. Suppose -437 = -5*b - z + 66, -j*z + 115 = b. List the prime factors of b.
2, 5
Suppose 3*q - 30 = -3*d, 2*q + 3*d - 15 = 4. Let p = q + 14. List the prime factors of p.
5
Let k = 1322 - 682. What are the prime factors of k?
2, 5
Let i(h) = -11*h**2 + 44*h + 8. Let u(q) = 5*q**2 - 21*q - 4. Let p(k) = -6*i(k) - 13*u(k). List the prime factors of p(-22).
2, 5, 29
Let f = -360 + 866. List the prime factors of f.
2, 11, 23
Let z(k) = -771*k - 365. List the prime factors of z(-5).
2, 5, 349
Let s(k) = 142*k - 5. What are the prime factors of s(5)?
3, 5, 47
Let q(p) = 44*p**2 - 1. Let f be q(-2). Let j = -72 + f. What are the prime factors of j?
103
Suppose -5*b + 3 = -7. Suppose -2*r - 4 = -r - b*s, r - s = 0. Suppose r*i = 7 + 5. What are the prime factors of i?
3
Let j = 10 - 6. Suppose -t - 87 = -4*d + 3*d, 0 = 5*d + j*t - 417. List the prime factors of d.
5, 17
Suppose 2988 = 12*s - 216. List the prime factors of s.
3, 89
Let j(v) = 4*v. Let b(m) = m**2 + 7*m + 2. Let z be b(-8). What are the prime factors of j(z)?
2, 5
Suppose -14*k = -18*k - 20, 5*k = -3*p + 2705. What are the prime factors of p?
2, 5, 7, 13
Let q(a) = 0*a + 0*a - a + 2 - a**2 + 7*a. Let f be q(6). Suppose 0 = f*d - 19 - 11. What are the prime factors of d?
3, 5
Let l(j) = -10*j - 13. Let g(w) = -21*w - 27. Let b(o) = 3*g(o) - 5*l(o). Let a be b(-11). Let f = -72 + a. What are the prime factors of f?
5, 11
Suppose 14*i - 15*i + 40 = 0. Let n be ((-11)/(-4))/(10/i). Suppose -36 = -13*h + n*h. What are the prime factors of h?
2, 3
List the prime factors of (-5)/((-35)/(-49)) - -973.
2, 3, 7, 23
List the prime factors of -4*((-36)/(-8))/(9/(-378)).
2, 3, 7
Suppose 4*k - 7160 - 5355 = -3*n, 4*k = -4*n + 16680. List the prime factors of n.
5, 7, 17
Suppose -5*b + 650 + 30 = 0. Let r = b + -198. Let y = r - -111. List the prime factors of y.
7
Suppose -7*f + 45 + 18 = 0. What are the prime factors of f?
3
Let x = -13 - -13. Suppose j = 4, -5*z + 2*j + j + 48 = x. Suppose z = 3*y - 57. What are the prime factors of y?
23
Let w = -94 + 107. Let j = -8 + w. List the prime factors of j.
5
Suppose d = -2*m + 323, -3*m = -4*d - 89 - 368. Let q = -97 + m. What are the prime factors of q?
2, 31
Suppose 3*y - 112 = -y - 4*q, 3*y = -4*q + 79. Suppose -21 = -2*x + y. What are the prime factors of x?
3
Suppose -25*g + 21*g = 0. What are the prime factors of (g - 68)/(-3 - -1)?
2, 17
Let l(f) = -4 + 0*f**2 - 7*f + 2*f + 6*f**2 - 8*f. What are the prime factors of l(4)?
2, 5
Let u(h) be the third derivative of 0*h - 3/40*h**6 + 1/12*h**4 + 0*h**5 + 0 + 1/6*h**3 + 5*h**2. List the prime factors of u(-1).
2
Let o = 2566 - 2030. List the prime factors of o.
2, 67
Suppose 1 = 3*f - 59. Suppose 3*o - o - p = 7, 4*o = -4*p + f. Suppose o*g = -10 + 26. What are the prime factors of g?
2
Let z be (-216)/(-1) + 8/(-2). Let t = 461 - z. What are the prime factors of t?
3, 83
Let g be 1 + (1 - 2) + 16. What are the prime factors of 8/g*(-18)/(-3)?
3
Let b be 9/5 + (-3)/(-15). Suppose 0*q + 5*q - 3*h - 36 = 0, -b*q + 4 = 4*h. Suppose 0 = 7*n - 9*n + q. List the prime factors of n.
3
Let r be (-184)/(-10) + 5*4/(-50). Suppose 25*a = r*a + 1260. What are the prime factors of a?
2, 3, 5
Let x be (-2532)/(-27) + 4/18. List the prime factors of 4/(-4) + 4 + x + 4.
101
Let a = 6 - 0. Let l = -8 - a. List the prime factors of 8/l + (-288)/(-14).
2, 5
Suppose 13104 = 2073*v - 2061*v. List the prime factors of v.
2, 3, 7, 13
Let v = -19 + 66. Let y = -3 + 5. Suppose -y*t - 1 = -v. List the prime factors of t.
23
Suppose 0 = -2*p + 121 + 69. Suppose -4*f + p = -149. List the prime factors of f.
61
Let h be (-352)/48*12/(-2). Suppose 0 = 2*c + 3*c + v - 97, -v - 103 = -5*c. Let d = h - c. List the prime factors of d.
2, 3
Let x(u) = 787*u**2 - u - 2. What are the prime factors of x(-1)?
2, 3, 131
Let b(w) = 35*w**2 + 2*w + 9. Let r be b(-3). Suppose -r = -7*z + z. What are the prime factors of z?
53
Let x be -5 + 5 - 3*-1. Suppose -9*t - 218 = -h - 6*t, x*h - 639 = 4*t. What are the prime factors of h?
11, 19
Suppose 9*x = 2*x + 4067. Suppose 0 = -8*o + 363 + x. What are the prime factors of o?
2, 59
Let j(d) = 15 + 11*d**2 - 11*d + 22*d + 3*d**3 - 4*d**3. Let q be j(12). Suppose 5 = q*n - 25. What are the prime factors of n?
2, 5
Let b(y) = y**3 + 6*y**2 - 4*y + 6. Let l be b(-7). Let f = -12 - l. Suppose -f*z + z = -18. List the prime factors of z.
3
Let q(g) = g**3 - 4*g**2 + g + 16. List the prime factors of q(5).
2, 23
Let p = 19 + -14. Suppose -21 = -2*w + p*q, -w + 3*q - 4 = -16. Suppose w*h = i - 0*i - 16, 0 = -5*i + 5*h + 80. What are the prime factors of i?
2
Let y be (12/(-8) + 1)*-4. Suppose y*h - 52 = h. Suppose -6*n + 2*n = -h. List the prime factors of n.
13
Let x be -7 + 5 - ((2 - 1) + -5). Let j be 8*-1*6/(-8). Suppose -x*a - 96 = -j*a. What are the prime factors of a?
2, 3
Suppose 120879 = 193*u - 156*u. List the prime factors of u.
3, 11
Let d be (-6 + 4)/(-2) + 1. Let j be 1/(d/(2 + 80)). List the prime factors of (1 - 0)/(1/j).
41
Let v = 91 + -169. Let u be (7/(-2))/7*v. List the prime factors of 12/5*650/u.
2, 5
Suppose -5 = -4*w + 2*k + 7, 3*k = 4*w - 12. Suppose 0 = z + 3*i - 2, 4*i - 31 = -0*z - w*z. List the prime factors of z.
17
Let g(s) = -s**2 + 1. Let a(n) = 2*n**3 + 3*n**2 - 2*n + 14. Let r(y) = -a(y) + 3*g(y). List the prime factors of r(-5).
79
Suppose 0 = -2*y + 5*x + 988, -3*y + 1370 + 102 = -5*x. Suppose -y = 7*m - 11*m. What are the prime factors of m?
11
Let n(d) = 497*d + 324. What are the prime factors of n(8)?
2, 5, 43
List the prime factors of (-64)/(-672) - (-50354)/42.
11, 109
Let o(m) = 4*m**2 - 8*m + 21. Let j(d) = -5*d**2 + 7*d - 20. Let a(n) = 2*j(n) + 3*o(n). List the prime factors of a(7).
3, 17
Suppose 891 = -6*q + 315. Let f be q/42 - 6/(-21). List the prime factors of (-4 + 3)/(f/58).
29
Let j(z) = -z + 1. Let t(b) = 5*b + 5. Let v(u) = 6*j(u) + t(u). Let x = -5 - 2. List the prime factors of v(x).
2, 3
Suppose -5*t = -4*m - 17, 2*t = m + 4*m. Suppose -3*x + 459 = -3*h, -m*h + 161 = x - 5*h. List the prime factors of x.
149
Suppose -4*a = -3*a. Suppose 3*x - 5*t - 7 = a, x + 0*t - 2*t - 3 = 0. What are the prime factors of -1*(x - 2) - -20?
23
Let k = 201 + -140. Suppose 0*x = -x + k. List the prime factors of x.
61
Let y(l) = -l**3 - 31*l**2 + 47*l - 68. List the prime factors of y(-33).
13, 43
Let a be (-6)/(-10) - 32/(-80). List the prime factors of (-1 - a)/(-2) - (-271 + 7).
5, 53
Let w = 6 + -3. Suppose -3*i + 4*q + 69 + 104 = 0, q - 178 = -w*i. What are the prime factors of i?
59
Suppose -7*l - 1758 = -5916. What are the prime factors of l?
2, 3, 11
Let b(d) = -988*d - 60. What are the prime factors of b(-2)?
2, 479
Suppose 4*a = 2*n - 26, 2*a = 4*n - 0*a - 64. Let o = -17 + n. Suppose 2*c - 6*c + 112 = o. List the prime factors